e factors of 7703826?
2, 3, 13, 283, 349
What are the prime factors of 2796379?
67, 41737
What are the prime factors of 3407112?
2, 3, 79, 599
List the prime factors of 160543.
37, 4339
What are the prime factors of 2073866?
2, 457, 2269
What are the prime factors of 2672052?
2, 3, 41, 5431
List the prime factors of 207691.
11, 79, 239
List the prime factors of 2060158.
2, 607, 1697
List the prime factors of 1767406.
2, 883703
What are the prime factors of 2693585?
5, 89, 6053
List the prime factors of 17088792.
2, 3, 7, 101719
What are the prime factors of 1543842?
2, 3, 199, 431
List the prime factors of 5822479.
13, 447883
List the prime factors of 6735983.
71, 94873
What are the prime factors of 6914429?
6914429
List the prime factors of 446216.
2, 17, 193
What are the prime factors of 13666965?
3, 5, 13, 109, 643
List the prime factors of 1134042.
2, 3, 7, 13, 31, 67
What are the prime factors of 6009827?
193, 31139
What are the prime factors of 852745?
5, 29, 5881
List the prime factors of 25166.
2, 12583
List the prime factors of 4919828.
2, 1229957
List the prime factors of 7577582.
2, 127, 29833
List the prime factors of 172219.
172219
What are the prime factors of 1112240?
2, 5, 13903
What are the prime factors of 1262929?
1262929
List the prime factors of 4729377.
3, 37, 137, 311
What are the prime factors of 46528?
2, 727
List the prime factors of 3029701.
433, 6997
What are the prime factors of 7341062?
2, 857, 4283
What are the prime factors of 1833656?
2, 11, 67, 311
What are the prime factors of 23610280?
2, 5, 17, 34721
List the prime factors of 17853662.
2, 293, 30467
List the prime factors of 1516296.
2, 3, 63179
List the prime factors of 1387626.
2, 3, 231271
What are the prime factors of 287780?
2, 5, 14389
What are the prime factors of 21452562?
2, 3, 1191809
List the prime factors of 63228.
2, 3, 11, 479
What are the prime factors of 4335579?
3, 103, 1559
What are the prime factors of 821435?
5, 41, 4007
What are the prime factors of 11406570?
2, 3, 5, 7, 29, 1873
What are the prime factors of 4427610?
2, 3, 5, 11, 13417
What are the prime factors of 5847571?
137, 42683
What are the prime factors of 7214454?
2, 3, 13, 43, 239
List the prime factors of 2533820.
2, 5, 126691
What are the prime factors of 811982?
2, 405991
What are the prime factors of 2090352?
2, 3, 11, 37, 107
List the prime factors of 192448.
2, 31, 97
What are the prime factors of 1548767?
11, 140797
List the prime factors of 16407298.
2, 19, 41, 10531
What are the prime factors of 1272093?
3, 17, 24943
What are the prime factors of 51971?
51971
List the prime factors of 11749332.
2, 3, 7, 61, 2293
List the prime factors of 283965.
3, 5, 11, 1721
List the prime factors of 100755.
3, 5, 2239
List the prime factors of 207811.
207811
What are the prime factors of 1028432?
2, 17, 19, 199
List the prime factors of 3023007.
3, 13, 77513
List the prime factors of 139587.
3, 7, 17, 23
List the prime factors of 5554578.
2, 3, 569, 1627
What are the prime factors of 2529100?
2, 5, 7, 3613
List the prime factors of 355364.
2, 73, 1217
What are the prime factors of 126947?
37, 47, 73
List the prime factors of 642380.
2, 5, 32119
List the prime factors of 3559593.
3, 19, 197, 317
List the prime factors of 58248.
2, 3, 809
What are the prime factors of 6152733?
3, 181, 1259
List the prime factors of 814442.
2, 407221
List the prime factors of 1358083.
1358083
List the prime factors of 670994.
2, 113, 2969
List the prime factors of 418907.
509, 823
List the prime factors of 825727.
7, 179, 659
What are the prime factors of 219836?
2, 54959
List the prime factors of 11402477.
11402477
What are the prime factors of 577768?
2, 72221
What are the prime factors of 761421?
3, 353, 719
List the prime factors of 1053034.
2, 239, 2203
List the prime factors of 387992.
2, 11, 4409
What are the prime factors of 156087?
3, 41, 47
List the prime factors of 22167303.
3, 17, 53, 59, 139
What are the prime factors of 251021?
283, 887
List the prime factors of 133421.
101, 1321
List the prime factors of 1721475.
3, 5, 7, 1093
List the prime factors of 12162200.
2, 5, 60811
List the prime factors of 1907990.
2, 5, 7, 97, 281
What are the prime factors of 25491328?
2, 199151
What are the prime factors of 754840?
2, 5, 113, 167
What are the prime factors of 6936356?
2, 7, 191, 1297
What are the prime factors of 2763434?
2, 443, 3119
What are the prime factors of 5748985?
5, 11, 104527
List the prime factors of 12668937.
3, 199, 21221
What are the prime factors of 5543?
23, 241
List the prime factors of 1202042.
2, 601021
What are the prime factors of 9100906?
2, 4550453
What are the prime factors of 4837937?
13, 372149
What are the prime factors of 511789?
251, 2039
What are the prime factors of 1568906?
2, 19, 41, 53
What are the prime factors of 1239791?
7, 177113
What are the prime factors of 895674?
2, 3, 13, 11483
What are the prime factors of 243669?
3, 81223
List the prime factors of 1288442.
2, 59, 61, 179
List the prime factors of 108269.
7, 15467
What are the prime factors of 15552859?
7, 2221837
What are the prime factors of 3309345?
3, 5, 13, 5657
What are the prime factors of 10001143?
29, 199, 1733
List the prime factors of 7510520.
2, 5, 187763
List the prime factors of 1922073.
3, 640691
What are the prime factors of 3125339?
7, 446477
List the prime factors of 1233772.
2, 41, 7523
What are the prime factors of 9761819?
191, 51109
What are the prime factors of 41189700?
2, 3, 5, 31, 43, 103
List the prime factors of 335334.
2, 3, 55889
List the prime factors of 2340021.
3, 19, 61, 673
List the prime factors of 45619.
7, 19
List the prime factors of 1801446.
2, 3, 113, 2657
List the prime factors of 103000.
2, 5, 103
List the prime factors of 2676116.
2, 669029
What are the prime factors of 1692049?
1692049
What are the prime factors of 20920463?
19, 709, 1553
List the prime factors of 544637.
449, 1213
List the prime factors of 1587401.
191, 8311
List the prime factors of 1114963.
29, 38447
What are the prime factors of 1004640?
2, 3, 5, 7, 13, 23
List the prime factors of 1015850.
2, 5, 11, 1847
List the prime factors of 28348406.
2, 14174203
What are the prime factors of 2923181?
61, 173, 277
List the prime factors of 7063052.
2, 607, 2909
List the prime factors of 1759798.
2, 269, 3271
What are the prime factors of 6184681?
6184681
List the prime factors of 581459.
581459
What are the prime factors of 27604836?
2, 3, 7, 15649
What are the prime factors of 29277158?
2, 14638579
What are the prime factors of 408413?
408413
List the prime factors of 564234.
2, 3, 11, 83, 103
List the prime factors of 115650.
2, 3, 5, 257
What are the prime factors of 836552?
2, 53, 1973
List the prime factors of 10794758.
2, 13, 31, 59, 227
What are the prime factors of 1619685?
3, 5, 35993
What are the prime factors of 10306480?
2, 5, 128831
What are the prime factors of 1409557?
73, 19309
List the prime factors of 474382.
2, 29, 8179
What are the prime factors of 160365?
3, 5, 10691
What are the prime factors of 149508?
2, 3, 4153
List the prime factors of 1160172.
2, 3, 13, 37, 67
What are the prime factors of 7394137?
7394137
What are the prime factors of 101947?
97, 1051
What are the prime factors of 10162809?
3, 59, 19139
List the prime factors of 263534.
2, 17, 23, 337
List the prime factors of 3868645.
5, 11, 31, 2269
What are the prime factors of 7819218?
2, 3, 11, 17, 23, 101
List the prime factors of 1480123.
97, 15259
What are the prime factors of 11594809?
29, 73, 5477
What are the prime factors of 12014670?
2, 3, 5, 31, 12919
What are the prime factors of 23937?
3, 79, 101
List the prime factors of 806312.
2, 13, 7753
What are the prime factors of 213461?
213461
What are the prime factors of 9774274?
2, 61, 113, 709
What are the prime factors of 83777?
83777
List the prime factors of 27325.
5, 1093
List the prime factors of 11942732.
2, 89, 33547
List the prime factors of 15489950.
2, 5, 7, 44257
List the prime factors of 2195081.
7, 313583
What are the prime factors of 185875?
5, 1487
List the prime factors of 2138797.
2138797
List the prime factors of 2842621.
17, 167213
List the prime factors of 2370815.
5, 474163
List the prime factors of 312277.
7, 6373
What are th